by 21?
18
Calculate the remainder when 117 is divided by 12.
9
Calculate the remainder when 127 is divided by 3.
1
What is the remainder when 6394 is divided by 123?
121
What is the remainder when 1094 is divided by 15?
14
Calculate the remainder when 262 is divided by 13.
2
Calculate the remainder when 1205 is divided by 389.
38
What is the remainder when 71 is divided by 9?
8
What is the remainder when 1502 is divided by 94?
92
What is the remainder when 635 is divided by 307?
21
What is the remainder when 50 is divided by 26?
24
What is the remainder when 175 is divided by 47?
34
Calculate the remainder when 227 is divided by 87.
53
Calculate the remainder when 382 is divided by 101.
79
Calculate the remainder when 17 is divided by 17.
0
Calculate the remainder when 98 is divided by 4.
2
What is the remainder when 378 is divided by 52?
14
Calculate the remainder when 42 is divided by 29.
13
What is the remainder when 374 is divided by 13?
10
What is the remainder when 974 is divided by 8?
6
What is the remainder when 3303 is divided by 254?
1
What is the remainder when 190 is divided by 5?
0
What is the remainder when 180 is divided by 62?
56
What is the remainder when 1724 is divided by 245?
9
What is the remainder when 2834 is divided by 9?
8
Calculate the remainder when 283 is divided by 134.
15
What is the remainder when 4867 is divided by 257?
241
Calculate the remainder when 72 is divided by 38.
34
Calculate the remainder when 11242 is divided by 65.
62
What is the remainder when 592 is divided by 124?
96
What is the remainder when 132 is divided by 15?
12
Calculate the remainder when 678 is divided by 67.
8
What is the remainder when 18 is divided by 7?
4
What is the remainder when 390 is divided by 56?
54
What is the remainder when 963 is divided by 14?
11
What is the remainder when 37 is divided by 21?
16
Calculate the remainder when 137 is divided by 13.
7
Calculate the remainder when 137 is divided by 67.
3
What is the remainder when 79 is divided by 28?
23
What is the remainder when 297 is divided by 266?
31
What is the remainder when 58 is divided by 28?
2
Calculate the remainder when 2507 is divided by 114.
113
What is the remainder when 99 is divided by 21?
15
Calculate the remainder when 303 is divided by 17.
14
What is the remainder when 1286 is divided by 89?
40
Calculate the remainder when 63038 is divided by 19.
15
Calculate the remainder when 98 is divided by 45.
8
Calculate the remainder when 2972 is divided by 16.
12
What is the remainder when 326 is divided by 8?
6
What is the remainder when 2450 is divided by 810?
20
Calculate the remainder when 304 is divided by 28.
24
Calculate the remainder when 82 is divided by 22.
16
Calculate the remainder when 1362 is divided by 47.
46
What is the remainder when 129 is divided by 10?
9
What is the remainder when 101 is divided by 28?
17
Calculate the remainder when 1577 is divided by 17.
13
Calculate the remainder when 107 is divided by 18.
17
What is the remainder when 455 is divided by 222?
11
What is the remainder when 154 is divided by 39?
37
What is the remainder when 194 is divided by 78?
38
Calculate the remainder when 491 is divided by 273.
218
What is the remainder when 1090 is divided by 14?
12
What is the remainder when 3129 is divided by 7?
0
What is the remainder when 1673 is divided by 238?
7
Calculate the remainder when 1345 is divided by 150.
145
What is the remainder when 259 is divided by 35?
14
Calculate the remainder when 4738 is divided by 101.
92
What is the remainder when 15504 is divided by 9?
6
Calculate the remainder when 241 is divided by 22.
21
What is the remainder when 80 is divided by 70?
10
Calculate the remainder when 5932 is divided by 60.
52
What is the remainder when 240 is divided by 22?
20
Calculate the remainder when 82 is divided by 32.
18
Calculate the remainder when 711 is divided by 42.
39
What is the remainder when 174 is divided by 5?
4
What is the remainder when 7 is divided by 3?
1
What is the remainder when 1304 is divided by 375?
179
What is the remainder when 153 is divided by 22?
21
What is the remainder when 830 is divided by 52?
50
Calculate the remainder when 1197 is divided by 10.
7
What is the remainder when 1480 is divided by 114?
112
What is the remainder when 557 is divided by 338?
219
Calculate the remainder when 202 is divided by 51.
49
Calculate the remainder when 167 is divided by 26.
11
What is the remainder when 58742 is divided by 379?
376
Calculate the remainder when 338 is divided by 18.
14
What is the remainder when 750 is divided by 141?
45
What is the remainder when 1239 is divided by 208?
199
Calculate the remainder when 77 is divided by 58.
19
Calculate the remainder when 13 is divided by 3.
1
Calculate the remainder when 1526 is divided by 85.
81
What is the remainder when 327 is divided by 155?
17
Calculate the remainder when 1893 is divided by 41.
7
What is the remainder when 628 is divided by 14?
12
What is the remainder when 120 is divided by 62?
58
What is the remainder when 319 is divided by 47?
37
What is the remainder when 618 is divided by 151?
14
What is the remainder when 343 is divided by 86?
85
What is the remainder when 912 is divided by 5?
2
Calculate the remainder when 335 is divided by 166.
3
Calculate the remainder when 116 is divided by 50.
16
Calculate the remainder when 5997 is divided by 125.
122
What is the remainder when 753 is divided by 21?
18
Calculate the remainder when 183 is divided by 85.
13
Calculate the remainder when 153 is divided by 32.
25
Calculate the remainder when 176 is divided by 36.
32
What is the remainder when 58 is divided by 30?
28
Calculate the remainder when 4161 is divided by 119.
115
What is the remainder when 34 is divided by 13?
8
Calculate the remainder when 2369 is divided by 81.
20
Calculate the remainder when 18539 is divided by 24.
11
Calculate the remainder when 2517 is divided by 42.
39
What is the remainder when 83 is divided by 27?
2
What is the remainder when 451 is divided by 96?
67
What is the remainder when 309 is divided by 36?
21
Calculate the remainder when 7244 is divided by 302.
298
What is the remainder when 227 is divided by 23?
20
Calculate the remainder when 3807 is divided by 13.
11
What is the remainder when 422 is divided by 58?
16
What is the remainder when 915 is divided by 34?
31
Calculate the remainder when 741 is divided by 18.
3
What is the remainder when 318 is divided by 10?
8
Calculate the remainder when 35298 is divided by 25.
23
What is the remainder when 110 is divided by 54?
2
Calculate the remainder when 1229 is divided by 22.
19
What is the remainder when 10198 is divided by 101?
98
What is the remainder when 5843 is divided by 2916?
11
What is the remainder when 23992 is divided by 31?
29
Calculate the remainder when 1640 is divided by 12.
8
What is the remainder when 93 is divided by 9?
3
What is the remainder when 405 is divided by 44?
9
Calculate the remainder when 367 is divided by 92.
91
What is the remainder when 1614 is divided by 94?
16
Calculate the remainder when 88 is divided by 64.
24
What is the remainder when 361 is divided by 14?
11
Calculate the remainder when 239 is divided by 45.
14
What is the remainder when 429 is divided by 72?
69
What is the remainder when 244 is divided by 224?
20
What is the remainder when 147 is divided by 33?
15
Calculate the remainder when 696 is divided by 302.
92
Calculate the remainder when 28 is divided by 9.
1
What is the remainder when 15862 is divided by 95?
92
What is the remainder when 914 is divided by 5?
4
Calculate the remainder when 35122 is divided by 125.
122
What is the remainder when 150 is divided by 78?
72
Calculate the remainder when 238 is divided by 11.
7
What is the remainder when 110 is divided by 96?
14
Calculate the remainder when 351 is divided by 342.
9
What is the remainder when 307 is divided by 26?
21
What is the remainder when 244 is divided by 41?
39
What is the remainder when 761 is divided by 142?
51
What is the remainder when 285 is divided by 4?
1
Calculate the remainder when 428 is divided by 18.
14
What is the remainder when 1983 is divided by 31?
30
What is the remainder when 21950 is divided by 29?
26
What is the remainder